{"id":14117,"date":"2012-07-16T12:29:32","date_gmt":"2012-07-16T10:29:32","guid":{"rendered":"http:\/\/localhost:8888\/-nova-eip\/producte\/caliban-contra-la-leyenda-negra-2\/"},"modified":"2020-01-08T14:06:25","modified_gmt":"2020-01-08T13:06:25","slug":"caliban-contra-la-leyenda-negra-2","status":"publish","type":"product","link":"https:\/\/www.publicacions.udl.cat\/es\/producto\/caliban-contra-la-leyenda-negra-2\/","title":{"rendered":"Calib\u00e1n &#038; Contra la Leyenda Negra"},"content":{"rendered":"<p>Los ensayos que en este libro se presentan aportan una visi\u00f3n de Am\u00e9rica desde nuestra realidad cultural y vivencial, dentro de la problem\u00e1tica de la identidad latinoamericana. Es un intento de poner al d\u00eda una cuesti\u00f3n que en m\u00faltiples ocasiones se ha planteado desde posiciones encontradas desde finales del siglo pasado.<\/p>\n","protected":false},"excerpt":{"rendered":"<p>Los ensayos que en este libro se presentan aportan una visi\u00f3n de Am\u00e9rica desde nuestra realidad cultural y vivencial, dentro de la problem\u00e1tica de la identidad latinoamericana. Es un intento de poner al d\u00eda una cuesti\u00f3n que en m\u00faltiples ocasiones se ha planteado desde posiciones encontradas desde finales del siglo pasado.<\/p>\n","protected":false},"featured_media":22515,"template":"","meta":{"_seopress_titles_title":"","_seopress_titles_desc":"","_seopress_robots_index":"","_seopress_robots_follow":"","_seopress_robots_imageindex":"","_seopress_robots_snippet":"","_seopress_robots_primary_cat":"","_seopress_robots_breadcrumbs":"","_seopress_robots_freeze_modified_date":"","_seopress_robots_custom_modified_date":"","_seopress_robots_canonical":"","_seopress_social_fb_title":"","_seopress_social_fb_desc":"","_seopress_social_fb_img":"","_seopress_social_fb_img_attachment_id":0,"_seopress_social_fb_img_width":0,"_seopress_social_fb_img_height":0,"_seopress_social_twitter_title":"","_seopress_social_twitter_desc":"","_seopress_social_twitter_img":"","_seopress_social_twitter_img_attachment_id":0,"_seopress_social_twitter_img_width":0,"_seopress_social_twitter_img_height":0,"_seopress_redirections_value":"","_seopress_redirections_enabled":"","_seopress_redirections_enabled_regex":"","_seopress_redirections_logged_status":"","_seopress_redirections_param":"","_seopress_redirections_type":0,"_seopress_analysis_target_kw":""},"product_brand":[],"product_cat":[13363],"product_tag":[],"class_list":["post-14117","product","type-product","status-publish","has-post-thumbnail","product_cat-ensayos-scriptura-es","first","instock","taxable","shipping-taxable","purchasable","product-type-simple"],"_links":{"self":[{"href":"https:\/\/www.publicacions.udl.cat\/es\/wp-json\/wp\/v2\/product\/14117","targetHints":{"allow":["GET"]}}],"collection":[{"href":"https:\/\/www.publicacions.udl.cat\/es\/wp-json\/wp\/v2\/product"}],"about":[{"href":"https:\/\/www.publicacions.udl.cat\/es\/wp-json\/wp\/v2\/types\/product"}],"wp:featuredmedia":[{"embeddable":true,"href":"https:\/\/www.publicacions.udl.cat\/es\/wp-json\/wp\/v2\/media\/22515"}],"wp:attachment":[{"href":"https:\/\/www.publicacions.udl.cat\/es\/wp-json\/wp\/v2\/media?parent=14117"}],"wp:term":[{"taxonomy":"product_brand","embeddable":true,"href":"https:\/\/www.publicacions.udl.cat\/es\/wp-json\/wp\/v2\/product_brand?post=14117"},{"taxonomy":"product_cat","embeddable":true,"href":"https:\/\/www.publicacions.udl.cat\/es\/wp-json\/wp\/v2\/product_cat?post=14117"},{"taxonomy":"product_tag","embeddable":true,"href":"https:\/\/www.publicacions.udl.cat\/es\/wp-json\/wp\/v2\/product_tag?post=14117"}],"curies":[{"name":"wp","href":"https:\/\/api.w.org\/{rel}","templated":true}]}}

Calibán &#038; Contra la Leyenda Negra

<p>Los ensayos que en este libro se presentan aportan una visión de América desde nuestra realidad cultural y vivencial, dentro de la problemática de la identidad latinoamericana. Es un intento de poner al día una cuestión que en múltiples ocasiones se ha planteado desde posiciones encontradas desde finales del siglo pasado.</p>
